-2130 - -212?
-1312
In base 11, what is 10 + -27?
-17
In base 14, what is 17a + 28?
1a4
In base 14, what is -d + 4?
-9
In base 11, what is 113a + 1?
1140
In base 11, what is -182 + -2?
-184
In base 4, what is -10 - -332?
322
In base 2, what is 11100 - -10111101?
11011001
In base 11, what is 1 + 174?
175
In base 9, what is 0 + -806?
-806
In base 15, what is -74 - -d?
-66
In base 14, what is 2 - -9d0?
9d2
In base 3, what is -110021 + -22?
-110120
In base 4, what is -131 + 10?
-121
In base 16, what is 5 + 140?
145
In base 14, what is 43 - 4?
3d
In base 8, what is 3623 + -5?
3616
In base 10, what is 6512 + 5?
6517
In base 4, what is -2332 + -11?
-3003
In base 8, what is 5 - -50?
55
In base 2, what is -111011010 - 11?
-111011101
In base 6, what is -10 + 353?
343
In base 9, what is 11 - 47?
-36
In base 11, what is -3 + -139?
-141
In base 9, what is 788 - 4?
784
In base 15, what is -1 + -11?
-12
In base 14, what is -b84 + 5?
-b7d
In base 3, what is -200 - 10?
-210
In base 4, what is -1330 - 2?
-1332
In base 4, what is 10 + -2220?
-2210
In base 6, what is 1301 - 5?
1252
In base 5, what is 3 - 1442?
-1434
In base 8, what is 7 + -2?
5
In base 15, what is 130 + -4?
12b
In base 12, what is -5a49 + 4?
-5a45
In base 10, what is 1 + 12?
13
In base 9, what is -15184 + 1?
-15183
In base 7, what is 102 - 1?
101
In base 7, what is 2 - 341?
-336
In base 6, what is -55 + -302?
-401
In base 16, what is -3 + ea?
e7
In base 8, what is -5 - 124?
-131
In base 7, what is -14624 + 5?
-14616
In base 8, what is -2503 - -4?
-2477
In base 5, what is -1144443 + -2?
-1200000
In base 12, what is 34 - 5?
2b
In base 16, what is -444 - -1?
-443
In base 12, what is 3 - a3?
-a0
In base 10, what is 0 - 9?
-9
In base 15, what is 3 - -2?
5
In base 10, what is 1 - 1?
0
In base 6, what is -344 - -44?
-300
In base 3, what is 102102 + -11?
102021
In base 7, what is -111 - 4?
-115
In base 15, what is 1d2 - 5?
1cc
In base 6, what is 2140 + 5?
2145
In base 13, what is -2 - 329?
-32b
In base 9, what is 1 + 8?
10
In base 13, what is -5 + 43a?
435
In base 4, what is -2 + 22221?
22213
In base 4, what is -1023103 - -11?
-1023032
In base 15, what is -1c + -4?
-21
In base 5, what is 3323 + 1?
3324
In base 9, what is 2 + -256?
-254
In base 14, what is -67 + 22?
-45
In base 9, what is 13 + -3441?
-3427
In base 14, what is 19 + 1?
1a
In base 12, what is -2 + 96?
94
In base 12, what is 216 - -19?
233
In base 7, what is 5 + -10?
-2
In base 7, what is 430 - 21?
406
In base 15, what is 0 + -d1?
-d1
In base 10, what is 11 - -163?
174
In base 12, what is 134 + 1?
135
In base 6, what is -314 + 5?
-305
In base 14, what is 333 - -4?
337
In base 7, what is 5531 + -1?
5530
In base 15, what is -3 + -107?
-10a
In base 3, what is -202 + 20012?
12110
In base 9, what is -77 - -107?
20
In base 10, what is -23 + 2?
-21
In base 2, what is -11 + -101010000?
-101010011
In base 5, what is -1213 + 2?
-1211
In base 4, what is 3 - -113102?
113111
In base 7, what is -1545 + -1?
-1546
In base 6, what is 321013 - 0?
321013
In base 4, what is 12 - 22?
-10
In base 8, what is -5 + 403?
376
In base 3, what is -121022 + 11?
-121011
In base 2, what is -1000 - -1011?
11
In base 9, what is -5 + 253?
247
In base 8, what is 2 - 45?
-43
In base 5, what is -311 - 24?
-340
In base 12, what is 2 - -144?
146
In base 4, what is -101 - 120?
-221
In base 2, what is 1010 + -10001?
-111
In base 12, what is 3 - 72a?
-727
In base 2, what is 101 - -100010011?
100011000
In base 4, what is 20 - 1113?
-1033
In base 13, what is 2 + 42?
44
In base 2, what is 10 + -1000100100?
-1000100010
In base 16, what is -16 + -10?
-26
In base 2, what is 100 + 10?
110
In base 11, what is -28 + -28?
-55
In base 5, what is 44 + -33?
11
In base 5, what is 102032 + 4?
102041
In base 4, what is 10 + 303?
313
In base 2, what is -111100001 + -101?
-111100110
In base 3, what is -1011 - 2?
-1020
In base 16, what is -20 + 2c?
c
In base 12, what is 2b0 + 0?
2b0
In base 15, what is -1a + c?
-d
In base 14, what is 10 + -d4?
-c4
In base 8, what is -4 - 13?
-17
In base 6, what is -2 - -242?
240
In base 15, what is -89e - -2?
-89c
In base 15, what is 0 - -3d4?
3d4
In base 9, what is -3 + 186?
183
In base 7, what is 5 + -106?
-101
In base 4, what is -210310 + -3?
-210313
In base 11, what is -2 + -6?
-8
In base 11, what is -16 + 1?
-15
In base 3, what is -211120211 + -12?
-211121000
In base 5, what is -202244 + -3?
-202302
In base 8, what is -12 - 33?
-45
In base 8, what is -16576 - 4?
-16602
In base 11, what is -a45 + -4?
-a49
In base 9, what is 10 - -60?
70
In base 3, what is 10 + -222?
-212
In base 13, what is 4 - 39?
-35
In base 6, what is 4 + -11554?
-11550
In base 9, what is 0 + 41?
41
In base 4, what is 32122 - -100?
32222
In base 7, what is 3 + 36?
42
In base 2, what is -11000 - 10?
-11010
In base 9, what is 686 + -2?
684
In base 15, what is 2 - -15e?
161
In base 8, what is -33 + -45?
-100
In base 9, what is -4 - 305?
-310
In base 8, what is -1 + 1062?
1061
In base 3, what is -1000211 + 10?
-1000201
In base 14, what is -613 + 4?
-60d
In base 8, what is -3270 + -4?
-3274
In base 12, what is -24b - 3?
-252
In base 12, what is -1b + 4?
-17
In base 5, what is -13 - 10401?
-10414
In base 5, what is -4212 + -2?
-4214
In base 11, what is -3 - 1a?
-22
In base 11, what is -3 + -32?
-35
In base 11, what is 42 - 4?
39
In base 5, what is -221 - -13?
-203
In base 7, what is 12 + -2255?
-2243
In base 14, what is -2 - -65?
63
In base 11, what is -62 - 17?
-79
In base 4, what is -11 + -100?
-111
In base 13, what is 9 + 577?
583
In base 8, what is -2 + -55?
-57
In base 6, what is -1 + -305?
-310
In base 4, what is 10 - 2000?
-1330
In base 3, what is 11 + -1020?
-1002
In base 15, what is d6 - -5?
db
In base 16, what is -5 - -12?
d
In base 11, what is 212 + 11?
223
In base 7, what is -221 - 5?
-226
In base 6, what is 232 - 13?
215
In base 12, what is -43 + 7?
-38
In base 16, what is -193 + -1?
-194
In base 16, what is 4 - 57?
-53
In base 14, what is 7 - -b?
14
In base 10, what is 13 + -85?
-72
In base 11, what is 6 + -1750?
-1745
In base 11, what is -3 - -24?
21
In base 8, what is 6 - 4?
2
In base 12, what is -3 - 7b4?
-7b7
In base 13, what is 5 + -995?
-990
In base 6, what is -5 + 322?
313
In base 8, what is 35 - -1?
36
In base 10, what is -671 - 2?
-673
In base 16, what is -13 + 79?
66
In base 8, what is 124 + 2?
126
In base 7, what is -11 - 44?
-55
In base 3, what is -1 + -1112?
-1120
In base 7, what is 42 + 2?
44
In base 9, what is -1 + -218?
-220
In base 16, what is 175 - 1?
174
In base 12, what is -209a - 6?
-20a4
In base 2, what is -100010 + -101100100?
-110000110
In base 12, what is 292 + 5?
297
In base 4, what is -23 - 103?
-132
In base 6, what is 0 - -32?
32
In base 4, what is 3 - -1021?
1030
In base 16, what is 2 + -1812?
-1810
In base 9, what is 5 - 71?
-65
In base 10, what is 1273 + 1?
1274
In base 2, what is 1100010010 - -10011?
1100100101
In base 12, what is 0 - 5065?
-5065
In base 4, what is -3011 + 10?
-3001
In base 13, what is 10c + 4?
113
In base 10, what is 51 - -6?
57
In base 3, what is 12 + 10012?
10101
In base 15, what is 24e + 2?
251
In base 13, what is -10b - -3?
-108
In base 15, what is 1 - -4?
5
In base 8, what is -25 + 11?
-14
In base 11, what is -2 - 94?
-96
In base 8, what is 3 - -1160?
1163
In base 5, what is -320 + -3?
-323
In base 5, what is -10 + -23?
-33
In base 9, what is -8 - -123?
114
In base 13, what is 78 - 5?
73
In base 5, what is -300 + -33?
-333
In base 7, what is -65143 - -5?
-65135
In base 14, what is -a + -1?
-b
In base 15, what is 5 - -511?
516
In base 9, what is 1083 + 27?
1121
In base 6, what is -132 - -1?
-131
In base 6, what is -15 - -2?
-13
In base 4, what is -21 - 31?
-112
In base 12, what is 8 + 2?
a
In base 16, what is -107 - -1?
-106
In base 10, what is -3525 - -1?
-3524
In base 8, what is -1340 - -2?
-1336
In base 10, what is 0 - -518?
518
In base 2, what is -100010010111 + -11?
-100010011010
In base 4, what is 11 - 1323?
-1312
In base 16, what is -1 - -16c?
16b
In base 16, what is 1a + 4?
1e
In base 10, what is -11 - -6?
-5
In base 11, what is 250 + 25?
275
In base 6, what is -34151 + 1?
-34150
In base 15, what is -2 + 42?
40
In base 9, what is -1106 + -1?
-1107
In base 7, what is 2 - 243?
-241
In base 13, what is -5 - 3c7?
-3cc
In base 